{"id":12246,"date":"2024-11-06T01:27:16","date_gmt":"2024-11-06T00:27:16","guid":{"rendered":"https:\/\/www.psicologo-strizzacervelli.it\/farmacia\/apt\/gelarex\/"},"modified":"2025-10-31T09:55:18","modified_gmt":"2025-10-31T08:55:18","slug":"gelarex","status":"publish","type":"product","link":"https:\/\/www.bmvmedical.it\/farmacia\/farmacia\/apt\/gelarex\/","title":{"rendered":"Gelarex"},"content":{"rendered":"<h2 class=\"wp-block-heading\">Che cos&#8217;\u00e8 GELAREX e come funziona?<\/h2>\n\n\n<p>Gelarex \u00e8 un <b>integratore alimentare<\/b> innovativo studiato per combattere il problema delle emorroidi. La sua <b>azione<\/b> si basa sull&#8217;utilizzo di principi attivi che alleviano efficacemente il dolore, il prurito e il gonfiore associati a questo disturbo. L <b>&#8216;uso<\/b> regolare <b>di<\/b> Gelarex favorisce non solo il processo di trattamento, ma anche la prevenzione delle emorroidi, rendendolo una soluzione versatile.<\/p>\n\n\n<p>Gli ingredienti di Gelarex contribuiscono a migliorare l&#8217;elasticit\u00e0 delle vene e a ripristinarne il tono, fattore chiave nella lotta contro le emorroidi. L <b>&#8216;integratore<\/b> \u00e8 adatto sia per le emorroidi esterne che per quelle interne, il che ne aumenta l&#8217;attrattiva come strumento efficace nel trattamento di questa fastidiosa condizione.<\/p>\n\n\n<h2 class=\"wp-block-heading\">Quali sono gli effetti di GELAREX?<\/h2>\n\n\n<p>L<b>&#8216;uso di<\/b> Gelarex ha una serie di effetti positivi apprezzati dagli utenti di tutto il mondo. Molti notano un sollievo dal dolore e dal prurito delle emorroidi gi\u00e0 dopo la prima applicazione. L <b>&#8216;uso<\/b> regolare <b>di<\/b> questo integratore per un periodo di 30 giorni porta spesso a un significativo miglioramento della qualit\u00e0 della vita. Ci\u00f2 rende l&#8217;uso di Gelarex sempre pi\u00f9 popolare tra le persone con problemi di emorroidi.<\/p>\n\n\n<p><b>Gli effetti di<\/b> Gelarex non si limitano ad alleviare il disagio. Pu\u00f2 anche ridurre la frequenza delle recidive delle emorroidi, un aspetto importante nel trattamento di questa condizione. Migliorando le condizioni generali e l&#8217;estetica della zona anale, i pazienti notano spesso cambiamenti positivi che influiscono sull&#8217;umore e sulla fiducia in se stessi.<\/p>\n\n\n<figure class=\"wp-block-table\"><table class=\"has-fixed-layout\"><tbody><tr><th>Effetto<\/th><th>Descrizione<\/th><\/tr><tr><td>Sollievo dal dolore<\/td><td>Si nota fin dalla prima applicazione, apportando un immediato miglioramento del comfort.<\/td><\/tr><tr><td>Riduzione del prurito<\/td><td>Gli utenti segnalano spesso miglioramenti significativi di questo problema dopo un breve periodo di utilizzo.<\/td><\/tr><tr><td>Migliorare la forma fisica generale<\/td><td>L&#8217;uso regolare di Gelarex ha un effetto positivo sulla salute della zona anale e riduce il disagio.<\/td><\/tr><tr><td>Riduzione delle recidive<\/td><td>L&#8217;efficacia dell&#8217;integratore nel ridurre le recidive di emorroidi \u00e8 un vantaggio significativo per gli utenti.<\/td><\/tr><tr><td>Migliorare l&#8217;estetica<\/td><td>Gli utenti notano un miglioramento dell&#8217;estetica della zona anale, che influisce sulla fiducia in se stessi.<\/td><\/tr><\/tbody><\/table><\/figure>\n\n\n<h2 class=\"wp-block-heading\">Come utilizzare GELAREX? &#8211; Dosaggio e raccomandazioni<\/h2>\n\n\n<p>GELAREX deve essere applicato sulla pelle pulita per agire correttamente sui nodi emorroidali infiammati o sulle ragadi anali. Si consiglia di applicare una piccola quantit\u00e0 di crema e di strofinare delicatamente la zona senza esercitare una pressione eccessiva. Questo <b>dosaggio<\/b> garantisce un efficace assorbimento dei principi attivi.<\/p>\n\n\n<p>Si raccomanda di applicare GELAREX mattina e sera per un periodo di 30 giorni. La regolarit\u00e0 dell&#8217;applicazione \u00e8 fondamentale per ottenere risultati ottimali. Saltare l&#8217;applicazione pu\u00f2 compromettere l&#8217;efficacia del trattamento, quindi \u00e8 bene fare attenzione ad essere sistematici. Ecco le <b>raccomandazioni<\/b> di base per l&#8217;applicazione:<\/p>\n\n\n\n<ul class=\"wp-block-list\">\n<li>Lavare accuratamente le mani prima di applicare la crema.<\/li>\n\n\n\n<li>Applicare una quantit\u00e0 adeguata di GELAREX sulla zona da trattare.<\/li>\n\n\n\n<li>Massaggiare delicatamente la crema per facilitarne l&#8217;assorbimento.<\/li>\n\n\n\n<li>Ricordate di usarlo regolarmente per ottenere i migliori <b>risultati<\/b>.<\/li>\n<\/ul>\n\n\n<p>Con queste semplici indicazioni \u00e8 possibile massimizzare gli effetti di GELAREX. Il <b>dosaggio<\/b> e l&#8217;applicazione corretti migliorano il comfort e alleviano i sintomi emorroidali. Le raccomandazioni aiutano gli utenti ad adattare il trattamento alle loro esigenze individuali. In caso di dubbio, \u00e8 opportuno consultare il medico o il farmacista.<\/p>\n\n\n<h2 class=\"wp-block-heading\">GELAREX &#8211; Opinioni e recensioni &#8211; Cosa dicono gli utenti?<\/h2>\n\n\n<p>Molti utenti di Gelarex condividono le loro esperienze positive su questo integratore per <b>emorroidi<\/b>. Numerose <b>recensioni<\/b> sottolineano l&#8217;efficacia e la rapidit\u00e0 <b>d&#8217;azione<\/b> del prodotto.<\/p>\n\n\n\n<ul class=\"wp-block-list\">\n<li><blockquote><p>Kasia: &#8220;Gelarex mi ha aiutato dopo pochi giorni. Il dolore \u00e8 sparito e posso tornare a funzionare normalmente&#8221;.<\/p><\/blockquote><\/li>\n\n\n\n<li><blockquote><p>Mark: &#8220;Non avrei mai pensato che la crema potesse essere cos\u00ec efficace. La sensazione di sollievo \u00e8 stata immediata. La consiglierei a chiunque&#8221;.<\/p><\/blockquote><\/li>\n\n\n\n<li><blockquote><p>Ania: &#8220;Ho avuto un problema per molto tempo e Gelarex si \u00e8 rivelato un successo. Sono felice di averlo trovato&#8221;.<\/p><\/blockquote><\/li>\n<\/ul>\n\n\n<p>Le <b>recensioni<\/b> mostrano che Gelarex \u00e8 considerato un rimedio utile nella lotta contro le emorroidi, che offre sollievo e una migliore qualit\u00e0 di vita. <b>Le recensioni<\/b> sono molto popolari e molte persone sottolineano i rapidi effetti del suo utilizzo.<\/p>\n\n\n<h2 class=\"wp-block-heading\">Composizione di GELAREX &#8211; Analisi degli ingredienti<\/h2>\n\n\n<p>GELAREX \u00e8 un prodotto la cui <em>formulazione<\/em> si basa su ingredienti naturali, pensato per le persone che lottano contro le emorroidi. L&#8217;elemento chiave \u00e8 un estratto di piante note da tempo per le loro propriet\u00e0 antinfiammatorie. Grazie ad esse, GELAREX favorisce il processo di rigenerazione dei tessuti, contribuendo ad alleviare i sintomi spiacevoli.<\/p>\n\n\n<p>Nell&#8217;<em>analisi degli<\/em> ingredienti, vale la pena di notare le sostanze idratanti che forniscono comfort durante l&#8217;applicazione della crema. <b>Una composizione<\/b> di questo tipo assicura che la pelle non solo sia adeguatamente curata, ma anche protetta da ulteriori irritazioni. La sicurezza di GELAREX \u00e8 confermata da studi, a condizione che si seguano le raccomandazioni d&#8217;uso.<\/p>\n\n\n<p>Gli ingredienti naturali responsabili dell&#8217;azione del prodotto possono dare sollievo e migliorare la qualit\u00e0 della vita di chi soffre di emorroidi. Le loro propriet\u00e0 sono state studiate a fondo e fanno di GELAREX uno dei tanti integratori alimentari disponibili sul mercato.<\/p>\n\n\n<h2 class=\"wp-block-heading\">Prezzo di GELAREX &#8211; Dove acquistare?<\/h2>\n\n\n<p>Gelarex pu\u00f2 essere acquistato solo dal sito ufficiale del produttore, che ne garantisce l&#8217;originalit\u00e0. Tale <em>acquisto<\/em> offre un comfort eccezionale, in quanto si evitano le contraffazioni che possono apparire su altri canali di vendita. Vale la pena sottolineare che <em>il prezzo di<\/em> Gelarex pu\u00f2 variare a seconda delle promozioni e degli sconti in corso.<\/p>\n\n\n<p>Quando decidono di <em>acquistare<\/em>, gli utenti hanno accesso a offerte vantaggiose, che rendono questo prodotto finanziariamente interessante. I clienti apprezzano l&#8217;opportunit\u00e0 di ordinare direttamente dal <em>produttore ufficiale<\/em>, che spesso offre ulteriori vantaggi come la spedizione gratuita. \u00c8 consigliabile informarsi sulle promozioni periodiche per sfruttare al meglio le opportunit\u00e0 di acquistare Gelarex a condizioni vantaggiose.<\/p>\n\n\n<h2 class=\"wp-block-heading\">GELAREX &#8211; Effetti collaterali e controindicazioni<\/h2>\n\n\n<p>GELAREX \u00e8 un integratore alimentare riconosciuto per le sue propriet\u00e0 ma, come ogni prodotto, pu\u00f2 essere associato ad alcuni effetti collaterali. Le reazioni allergiche pi\u00f9 comunemente segnalate sono l&#8217;unica controindicazione all&#8217;assunzione del prodotto. Le persone soggette ad allergie devono prestare particolare attenzione al suo utilizzo.<\/p>\n\n\n<p>Se si verificano effetti avversi dopo l&#8217;uso di Gelarex, si raccomanda di interrompere immediatamente l&#8217;uso del prodotto e di consultare un medico. \u00c8 importante essere consapevoli dei possibili sintomi allergici che possono richiedere un intervento medico. Una risposta adeguata pu\u00f2 aiutare a evitare problemi di salute pi\u00f9 gravi.<\/p>\n\n\n<p>Prima di utilizzare Gelarex, si consiglia di leggere attentamente il foglietto illustrativo. Queste informazioni vi aiuteranno a comprendere le indicazioni e le raccomandazioni d&#8217;uso, contribuendo a un uso pi\u00f9 sicuro del prodotto. La precauzione \u00e8 la chiave per ottenere risultati positivi senza il rischio di effetti collaterali.<\/p>\n","protected":false},"excerpt":{"rendered":"<p><strong>[date_countdown]<\/strong><\/p>\n<p><img decoding=\"async\" class=\"alignnone  wp-image-12574\" src=\"https:\/\/www.bmvmedical.it\/farmacia\/wp-content\/uploads\/2024\/11\/SAFE-PAY-300x88-1.png\" alt=\"SAFE-PAY-300x88\" width=\"201\" height=\"59\" \/><\/p>\n","protected":false},"featured_media":12245,"comment_status":"open","ping_status":"closed","template":"","meta":{"neve_meta_sidebar":"","neve_meta_container":"","neve_meta_enable_content_width":"","neve_meta_content_width":0,"neve_meta_title_alignment":"","neve_meta_author_avatar":"","neve_post_elements_order":"","neve_meta_disable_header":"","neve_meta_disable_footer":"","neve_meta_disable_title":""},"product_brand":[],"product_cat":[113,565],"product_tag":[],"class_list":{"0":"post-12246","1":"product","2":"type-product","3":"status-publish","4":"has-post-thumbnail","6":"product_cat-salute","7":"product_cat-t","9":"first","10":"instock","11":"sale","12":"shipping-taxable","13":"product-type-external"},"yoast_head":"<!-- This site is optimized with the Yoast SEO plugin v27.3 - https:\/\/yoast.com\/product\/yoast-seo-wordpress\/ -->\n<title>Gelarex - Recensioni, Forum, Prezzo, Effetti, Farmacia | -50%<\/title>\n<meta name=\"robots\" content=\"index, follow, max-snippet:-1, max-image-preview:large, max-video-preview:-1\" \/>\n<link rel=\"canonical\" href=\"https:\/\/www.bmvmedical.it\/farmacia\/farmacia\/apt\/gelarex\/\" \/>\n<meta property=\"og:locale\" content=\"it_IT\" \/>\n<meta property=\"og:type\" content=\"article\" \/>\n<meta property=\"og:title\" content=\"Gelarex - Recensioni, Forum, Prezzo, Effetti, Farmacia | -50%\" \/>\n<meta property=\"og:url\" content=\"https:\/\/www.bmvmedical.it\/farmacia\/farmacia\/apt\/gelarex\/\" \/>\n<meta property=\"og:site_name\" content=\"BMVMEDICAL\" \/>\n<meta property=\"article:modified_time\" content=\"2025-10-31T08:55:18+00:00\" \/>\n<meta property=\"og:image\" content=\"https:\/\/www.bmvmedical.it\/farmacia\/wp-content\/uploads\/2024\/11\/gelarex.jpg\" \/>\n\t<meta property=\"og:image:width\" content=\"768\" \/>\n\t<meta property=\"og:image:height\" content=\"768\" \/>\n\t<meta property=\"og:image:type\" content=\"image\/jpeg\" \/>\n<meta name=\"twitter:card\" content=\"summary_large_image\" \/>\n<meta name=\"twitter:description\" content=\"[date_countdown]\" \/>\n<meta name=\"twitter:label1\" content=\"Tempo di lettura stimato\" \/>\n\t<meta name=\"twitter:data1\" content=\"6 minuti\" \/>\n<script type=\"application\/ld+json\" class=\"yoast-schema-graph\">{\"@context\":\"https:\\\/\\\/schema.org\",\"@graph\":[{\"@type\":\"WebPage\",\"@id\":\"https:\\\/\\\/www.bmvmedical.it\\\/farmacia\\\/farmacia\\\/apt\\\/gelarex\\\/\",\"url\":\"https:\\\/\\\/www.bmvmedical.it\\\/farmacia\\\/farmacia\\\/apt\\\/gelarex\\\/\",\"name\":\"Gelarex - Recensioni, Forum, Prezzo, Effetti, Farmacia | -50%\",\"isPartOf\":{\"@id\":\"https:\\\/\\\/www.bmvmedical.it\\\/farmacia\\\/#website\"},\"primaryImageOfPage\":{\"@id\":\"https:\\\/\\\/www.bmvmedical.it\\\/farmacia\\\/farmacia\\\/apt\\\/gelarex\\\/#primaryimage\"},\"image\":{\"@id\":\"https:\\\/\\\/www.bmvmedical.it\\\/farmacia\\\/farmacia\\\/apt\\\/gelarex\\\/#primaryimage\"},\"thumbnailUrl\":\"https:\\\/\\\/www.bmvmedical.it\\\/farmacia\\\/wp-content\\\/uploads\\\/2024\\\/11\\\/gelarex.jpg\",\"datePublished\":\"2024-11-06T00:27:16+00:00\",\"dateModified\":\"2025-10-31T08:55:18+00:00\",\"breadcrumb\":{\"@id\":\"https:\\\/\\\/www.bmvmedical.it\\\/farmacia\\\/farmacia\\\/apt\\\/gelarex\\\/#breadcrumb\"},\"inLanguage\":\"it-IT\",\"potentialAction\":[{\"@type\":\"ReadAction\",\"target\":[\"https:\\\/\\\/www.bmvmedical.it\\\/farmacia\\\/farmacia\\\/apt\\\/gelarex\\\/\"]}]},{\"@type\":\"ImageObject\",\"inLanguage\":\"it-IT\",\"@id\":\"https:\\\/\\\/www.bmvmedical.it\\\/farmacia\\\/farmacia\\\/apt\\\/gelarex\\\/#primaryimage\",\"url\":\"https:\\\/\\\/www.bmvmedical.it\\\/farmacia\\\/wp-content\\\/uploads\\\/2024\\\/11\\\/gelarex.jpg\",\"contentUrl\":\"https:\\\/\\\/www.bmvmedical.it\\\/farmacia\\\/wp-content\\\/uploads\\\/2024\\\/11\\\/gelarex.jpg\",\"width\":768,\"height\":768},{\"@type\":\"BreadcrumbList\",\"@id\":\"https:\\\/\\\/www.bmvmedical.it\\\/farmacia\\\/farmacia\\\/apt\\\/gelarex\\\/#breadcrumb\",\"itemListElement\":[{\"@type\":\"ListItem\",\"position\":1,\"name\":\"Strona g\u0142\u00f3wna\",\"item\":\"https:\\\/\\\/www.bmvmedical.it\\\/farmacia\\\/\"},{\"@type\":\"ListItem\",\"position\":2,\"name\":\"Prodotti\",\"item\":\"https:\\\/\\\/www.bmvmedical.it\\\/farmacia\\\/\"},{\"@type\":\"ListItem\",\"position\":3,\"name\":\"Gelarex\"}]},{\"@type\":\"WebSite\",\"@id\":\"https:\\\/\\\/www.bmvmedical.it\\\/farmacia\\\/#website\",\"url\":\"https:\\\/\\\/www.bmvmedical.it\\\/farmacia\\\/\",\"name\":\"BMVMEDICAL\",\"description\":\"\",\"potentialAction\":[{\"@type\":\"SearchAction\",\"target\":{\"@type\":\"EntryPoint\",\"urlTemplate\":\"https:\\\/\\\/www.bmvmedical.it\\\/farmacia\\\/?s={search_term_string}\"},\"query-input\":{\"@type\":\"PropertyValueSpecification\",\"valueRequired\":true,\"valueName\":\"search_term_string\"}}],\"inLanguage\":\"it-IT\"}]}<\/script>\n<!-- \/ Yoast SEO plugin. -->","yoast_head_json":{"title":"Gelarex - Recensioni, Forum, Prezzo, Effetti, Farmacia | -50%","robots":{"index":"index","follow":"follow","max-snippet":"max-snippet:-1","max-image-preview":"max-image-preview:large","max-video-preview":"max-video-preview:-1"},"canonical":"https:\/\/www.bmvmedical.it\/farmacia\/farmacia\/apt\/gelarex\/","og_locale":"it_IT","og_type":"article","og_title":"Gelarex - Recensioni, Forum, Prezzo, Effetti, Farmacia | -50%","og_url":"https:\/\/www.bmvmedical.it\/farmacia\/farmacia\/apt\/gelarex\/","og_site_name":"BMVMEDICAL","article_modified_time":"2025-10-31T08:55:18+00:00","og_image":[{"width":768,"height":768,"url":"https:\/\/www.bmvmedical.it\/farmacia\/wp-content\/uploads\/2024\/11\/gelarex.jpg","type":"image\/jpeg"}],"twitter_card":"summary_large_image","twitter_description":"[date_countdown]","twitter_misc":{"Tempo di lettura stimato":"6 minuti"},"schema":{"@context":"https:\/\/schema.org","@graph":[{"@type":"WebPage","@id":"https:\/\/www.bmvmedical.it\/farmacia\/farmacia\/apt\/gelarex\/","url":"https:\/\/www.bmvmedical.it\/farmacia\/farmacia\/apt\/gelarex\/","name":"Gelarex - Recensioni, Forum, Prezzo, Effetti, Farmacia | -50%","isPartOf":{"@id":"https:\/\/www.bmvmedical.it\/farmacia\/#website"},"primaryImageOfPage":{"@id":"https:\/\/www.bmvmedical.it\/farmacia\/farmacia\/apt\/gelarex\/#primaryimage"},"image":{"@id":"https:\/\/www.bmvmedical.it\/farmacia\/farmacia\/apt\/gelarex\/#primaryimage"},"thumbnailUrl":"https:\/\/www.bmvmedical.it\/farmacia\/wp-content\/uploads\/2024\/11\/gelarex.jpg","datePublished":"2024-11-06T00:27:16+00:00","dateModified":"2025-10-31T08:55:18+00:00","breadcrumb":{"@id":"https:\/\/www.bmvmedical.it\/farmacia\/farmacia\/apt\/gelarex\/#breadcrumb"},"inLanguage":"it-IT","potentialAction":[{"@type":"ReadAction","target":["https:\/\/www.bmvmedical.it\/farmacia\/farmacia\/apt\/gelarex\/"]}]},{"@type":"ImageObject","inLanguage":"it-IT","@id":"https:\/\/www.bmvmedical.it\/farmacia\/farmacia\/apt\/gelarex\/#primaryimage","url":"https:\/\/www.bmvmedical.it\/farmacia\/wp-content\/uploads\/2024\/11\/gelarex.jpg","contentUrl":"https:\/\/www.bmvmedical.it\/farmacia\/wp-content\/uploads\/2024\/11\/gelarex.jpg","width":768,"height":768},{"@type":"BreadcrumbList","@id":"https:\/\/www.bmvmedical.it\/farmacia\/farmacia\/apt\/gelarex\/#breadcrumb","itemListElement":[{"@type":"ListItem","position":1,"name":"Strona g\u0142\u00f3wna","item":"https:\/\/www.bmvmedical.it\/farmacia\/"},{"@type":"ListItem","position":2,"name":"Prodotti","item":"https:\/\/www.bmvmedical.it\/farmacia\/"},{"@type":"ListItem","position":3,"name":"Gelarex"}]},{"@type":"WebSite","@id":"https:\/\/www.bmvmedical.it\/farmacia\/#website","url":"https:\/\/www.bmvmedical.it\/farmacia\/","name":"BMVMEDICAL","description":"","potentialAction":[{"@type":"SearchAction","target":{"@type":"EntryPoint","urlTemplate":"https:\/\/www.bmvmedical.it\/farmacia\/?s={search_term_string}"},"query-input":{"@type":"PropertyValueSpecification","valueRequired":true,"valueName":"search_term_string"}}],"inLanguage":"it-IT"}]}},"_links":{"self":[{"href":"https:\/\/www.bmvmedical.it\/farmacia\/wp-json\/wp\/v2\/product\/12246","targetHints":{"allow":["GET"]}}],"collection":[{"href":"https:\/\/www.bmvmedical.it\/farmacia\/wp-json\/wp\/v2\/product"}],"about":[{"href":"https:\/\/www.bmvmedical.it\/farmacia\/wp-json\/wp\/v2\/types\/product"}],"replies":[{"embeddable":true,"href":"https:\/\/www.bmvmedical.it\/farmacia\/wp-json\/wp\/v2\/comments?post=12246"}],"wp:featuredmedia":[{"embeddable":true,"href":"https:\/\/www.bmvmedical.it\/farmacia\/wp-json\/wp\/v2\/media\/12245"}],"wp:attachment":[{"href":"https:\/\/www.bmvmedical.it\/farmacia\/wp-json\/wp\/v2\/media?parent=12246"}],"wp:term":[{"taxonomy":"product_brand","embeddable":true,"href":"https:\/\/www.bmvmedical.it\/farmacia\/wp-json\/wp\/v2\/product_brand?post=12246"},{"taxonomy":"product_cat","embeddable":true,"href":"https:\/\/www.bmvmedical.it\/farmacia\/wp-json\/wp\/v2\/product_cat?post=12246"},{"taxonomy":"product_tag","embeddable":true,"href":"https:\/\/www.bmvmedical.it\/farmacia\/wp-json\/wp\/v2\/product_tag?post=12246"}],"curies":[{"name":"wp","href":"https:\/\/api.w.org\/{rel}","templated":true}]}}