{"id":12344,"date":"2024-11-06T01:28:08","date_gmt":"2024-11-06T00:28:08","guid":{"rendered":"https:\/\/www.psicologo-strizzacervelli.it\/farmacia\/apt\/osteflex\/"},"modified":"2025-10-31T09:46:13","modified_gmt":"2025-10-31T08:46:13","slug":"osteflex","status":"publish","type":"product","link":"https:\/\/www.bmvmedical.it\/farmacia\/farmacia\/apt\/osteflex\/","title":{"rendered":"Osteflex"},"content":{"rendered":"<h2 class=\"wp-block-heading\">Che cos&#8217;\u00e8 Osteflex e come funziona?<\/h2>\n\n\n<p>Osteflex \u00e8 un efficace <b>integratore alimentare<\/b> che supporta la <b>salute delle articolazioni<\/b> e delle ossa. La sua <em>azione<\/em> si basa su una composizione accuratamente selezionata di ingredienti naturali che alleviano il dolore e l&#8217;infiammazione. Il prodotto \u00e8 particolarmente indicato per le persone che conducono uno stile di vita attivo e per gli anziani che soffrono di disturbi articolari.<\/p>\n\n\n<p>Gli ingredienti chiave di Osteflex migliorano la <em>circolazione sanguigna<\/em>, favorendo una pi\u00f9 rapida rigenerazione e rinnovamento dei tessuti. L&#8217;assunzione regolare dell&#8217;integratore pu\u00f2 non solo fornire sollievo dal dolore articolare, ma anche promuovere la salute delle articolazioni a lungo termine. Grazie alla sua azione, Osteflex diventa una parte essenziale della dieta per chi desidera prendersi cura delle proprie articolazioni e del proprio benessere generale.<\/p>\n\n\n<h2 class=\"wp-block-heading\">Effetti di Osteflex<\/h2>\n\n\n<p>Osteflex \u00e8 un <b>integratore alimentare<\/b> i cui <b>effetti<\/b> possono essere osservati gi\u00e0 dopo un breve periodo di utilizzo. Molte persone riferiscono miglioramenti significativi, soprattutto per quanto riguarda la salute delle articolazioni. Grazie ai suoi principi attivi, Osteflex allevia i dolori articolari e riduce il disagio che spesso accompagna le attivit\u00e0 quotidiane.<\/p>\n\n\n<p>L&#8217;assunzione regolare di questo integratore favorisce il processo di rigenerazione dei tessuti, fondamentale per le persone che soffrono di problemi articolari. Inoltre, Osteflex pu\u00f2 migliorare la flessibilit\u00e0 articolare e la salute generale delle articolazioni. Di conseguenza, l&#8217;uso di Osteflex diventa una soluzione ideale per chi desidera mantenere la <b>salute delle articolazioni<\/b> e il comfort nei movimenti.<\/p>\n\n\n\n<ul class=\"wp-block-list\">\n<li>Alleviare i dolori articolari<\/li>\n\n\n\n<li>Riduzione del disagio durante le attivit\u00e0 quotidiane<\/li>\n\n\n\n<li>Flessibilit\u00e0 migliorata<\/li>\n\n\n\n<li>Sostenere la rigenerazione dei tessuti<\/li>\n<\/ul>\n\n\n<h2 class=\"wp-block-heading\">Dosaggio di Osteflex &#8211; Come si usa?<\/h2>\n\n\n<p><b>Il dosaggio di<\/b> Osteflex dipende dalla forma dell&#8217;integratore alimentare e dalle esigenze individuali dell&#8217;utente. \u00c8 importante seguire le raccomandazioni del produttore per ottenere risultati ottimali nel miglioramento della salute delle articolazioni.<\/p>\n\n\n<p>Per l&#8217;unguento Osteflex, si consiglia di applicare una piccola quantit\u00e0 di prodotto sulla zona del corpo interessata. Il prodotto va poi massaggiato delicatamente in modo che venga completamente assorbito dalla pelle. Il produttore suggerisce di lasciare l&#8217;unguento sulla pelle per almeno un&#8217;ora, per aumentarne l&#8217;efficacia.<\/p>\n\n\n<figure class=\"wp-block-table\"><table class=\"has-fixed-layout\"><tbody><tr><th>Formulazione<\/th><th>Dosaggio consigliato<\/th><th>Metodo di applicazione<\/th><\/tr><tr><td>Unguento<\/td><td>Una piccola quantit\u00e0<\/td><td>Massaggiare la pelle per 1 ora<\/td><\/tr><tr><td>Capsule<\/td><td>2 capsule al giorno<\/td><td>Bere acqua, preferibilmente durante i pasti<\/td><\/tr><\/tbody><\/table><\/figure>\n\n\n<p>L&#8217;uso di Osteflex secondo le indicazioni sopra riportate pu\u00f2 contribuire a migliorare il comfort e la salute delle articolazioni, cosa estremamente importante per chi ha uno stile di vita attivo.<\/p>\n\n\n<h2 class=\"wp-block-heading\">Esperienze degli utenti e recensioni di Osteflex &#8211; Quali sono le recensioni?<\/h2>\n\n\n<p>Le <b>recensioni di<\/b> Osteflex sono estremamente positive e molti utenti hanno notato miglioramenti significativi nelle condizioni delle loro articolazioni. Molti sottolineano l&#8217;impatto che l&#8217;integratore alimentare ha avuto sulla loro vita quotidiana. Ad esempio, <b>le esperienze degli utenti<\/b> dimostrano che Osteflex allevia efficacemente i dolori articolari e aumenta la flessibilit\u00e0 delle articolazioni.<\/p>\n\n\n<p>Donne e uomini di tutte le et\u00e0 condividono le loro recensioni. Spesso parlano di effetti positivi gi\u00e0 dopo un breve periodo di utilizzo. Le persone fisicamente attive sottolineano un recupero pi\u00f9 rapido dopo gli allenamenti e una riduzione del gonfiore. Queste <b>recensioni<\/b> suggeriscono che l&#8217;integratore alimentare Osteflex pu\u00f2 essere utile non solo per gli anziani, ma anche per chi ha uno stile di vita attivo.<\/p>\n\n\n<p>Le raccomandazioni degli utenti indicano un crescente interesse per il prodotto. Vale la pena di cambiare le abitudini di salute con l&#8217;aiuto di soluzioni comprovate come Osteflex, che pu\u00f2 rafforzare la salute <b>delle articolazioni<\/b> e delle ossa. Le esperienze di chi ha gi\u00e0 tratto beneficio da questo integratore possono essere una risorsa preziosa per chi sta valutando di utilizzarlo.<\/p>\n\n\n<h2 class=\"wp-block-heading\">Composizione di Osteflex &#8211; Cosa contiene?<\/h2>\n\n\n<p>Osteflex \u00e8 un integratore alimentare che supporta la salute delle articolazioni con ingredienti naturali accuratamente selezionati. <b>La formulazione<\/b> comprende sostanze antinfiammatorie e rigenerative. Questi <b>ingredienti naturali<\/b> sono studiati per favorire i processi di riparazione dei tessuti, contribuendo al benessere delle persone con problemi articolari.<\/p>\n\n\n<p>In Osteflex sono presenti ingredienti come la glucosamina e la condroitina, fondamentali per mantenere la flessibilit\u00e0 e la salute delle articolazioni. Oltre a questi, la formula \u00e8 arricchita con estratti vegetali che apportano ulteriori benefici nella lotta contro i disturbi articolari. Questo rende l&#8217;integratore alimentare un ottimo supporto per chi ha a cuore uno stile di vita attivo e per chi vuole prendersi cura della salute delle articolazioni in modo naturale.<\/p>\n\n\n<p>La <b>formulazione<\/b> sicura ed efficace <b>di<\/b> Osteflex lo rende una scelta adatta sia agli atleti che alle persone anziane che possono avere bisogno di un supporto nelle loro attivit\u00e0 quotidiane. Scegliendo Osteflex, non investite solo in un integratore alimentare, ma anche nel vostro comfort e nella vostra salute quotidiana.<\/p>\n\n\n<h2 class=\"wp-block-heading\">Dove acquistare e qual \u00e8 il prezzo di Osteflex?<\/h2>\n\n\n<p>Osteflex, integratore alimentare per la salute delle articolazioni e delle ossa, \u00e8 disponibile esclusivamente sul sito ufficiale del produttore. L&#8217;acquisto direttamente dal <em>produttore ufficiale<\/em> garantisce la sicurezza dell&#8217;autenticit\u00e0 del prodotto e della sua qualit\u00e0.<\/p>\n\n\n<p><b>Il prezzo di<\/b> Osteflex pu\u00f2 variare a seconda delle promozioni in corso. Vale quindi la pena di controllare regolarmente il sito web per trovare le offerte migliori. Vale la pena di notare che l&#8217;integratore non \u00e8 disponibile nelle farmacie fisse, rendendo l&#8217;acquisto online l&#8217;unica opzione per chi \u00e8 interessato a questo prodotto.<\/p>\n\n\n<h2 class=\"wp-block-heading\">Potenziali effetti collaterali e controindicazioni all&#8217;uso di Osteflex<\/h2>\n\n\n<p>Nonostante contenga <b>ingredienti naturali<\/b>, Osteflex pu\u00f2 causare alcuni <b>effetti collaterali<\/b>. In alcuni utenti possono verificarsi reazioni allergiche, pertanto chi ha una storia di allergia a uno qualsiasi degli ingredienti del prodotto dovrebbe evitarne l&#8217;uso. Si raccomanda di interrompere immediatamente il trattamento se si verificano sintomi avversi come reazioni cutanee.<\/p>\n\n\n<p>Tra le <b>controindicazioni<\/b> all&#8217;uso di Osteflex vi sono anche le persone affette da patologie croniche. Chi ha problemi di salute di questo tipo dovrebbe consultare un medico prima di iniziare l&#8217;assunzione di questo integratore alimentare, per assicurarsi che non danneggi la salute delle articolazioni.<\/p>\n\n\n<p>\u00c8 importante ricordare che la risposta individuale agli integratori alimentari pu\u00f2 variare da organismo a organismo. Pertanto, oltre alle segnalazioni di effetti positivi, \u00e8 necessario monitorare anche i possibili effetti collaterali quando si utilizza Osteflex.<\/p>\n","protected":false},"excerpt":{"rendered":"<p><strong>[date_countdown]<\/strong><\/p>\n<p><img decoding=\"async\" class=\"alignnone  wp-image-12574\" src=\"https:\/\/www.bmvmedical.it\/farmacia\/wp-content\/uploads\/2024\/11\/SAFE-PAY-300x88-1.png\" alt=\"SAFE-PAY-300x88\" width=\"201\" height=\"59\" \/><\/p>\n","protected":false},"featured_media":12343,"comment_status":"open","ping_status":"closed","template":"","meta":{"neve_meta_sidebar":"","neve_meta_container":"","neve_meta_enable_content_width":"","neve_meta_content_width":0,"neve_meta_title_alignment":"","neve_meta_author_avatar":"","neve_post_elements_order":"","neve_meta_disable_header":"","neve_meta_disable_footer":"","neve_meta_disable_title":""},"product_brand":[],"product_cat":[113],"product_tag":[],"class_list":{"0":"post-12344","1":"product","2":"type-product","3":"status-publish","4":"has-post-thumbnail","6":"product_cat-salute","8":"first","9":"instock","10":"sale","11":"shipping-taxable","12":"product-type-external"},"yoast_head":"<!-- This site is optimized with the Yoast SEO plugin v27.3 - https:\/\/yoast.com\/product\/yoast-seo-wordpress\/ -->\n<title>Osteflex - Recensioni, Forum, Prezzo, Effetti, Farmacia | -50%<\/title>\n<meta name=\"robots\" content=\"index, follow, max-snippet:-1, max-image-preview:large, max-video-preview:-1\" \/>\n<link rel=\"canonical\" href=\"https:\/\/www.bmvmedical.it\/farmacia\/farmacia\/apt\/osteflex\/\" \/>\n<meta property=\"og:locale\" content=\"it_IT\" \/>\n<meta property=\"og:type\" content=\"article\" \/>\n<meta property=\"og:title\" content=\"Osteflex - Recensioni, Forum, Prezzo, Effetti, Farmacia | -50%\" \/>\n<meta property=\"og:url\" content=\"https:\/\/www.bmvmedical.it\/farmacia\/farmacia\/apt\/osteflex\/\" \/>\n<meta property=\"og:site_name\" content=\"BMVMEDICAL\" \/>\n<meta property=\"article:modified_time\" content=\"2025-10-31T08:46:13+00:00\" \/>\n<meta property=\"og:image\" content=\"https:\/\/www.bmvmedical.it\/farmacia\/wp-content\/uploads\/2024\/11\/Osteflex.jpg\" \/>\n\t<meta property=\"og:image:width\" content=\"768\" \/>\n\t<meta property=\"og:image:height\" content=\"768\" \/>\n\t<meta property=\"og:image:type\" content=\"image\/jpeg\" \/>\n<meta name=\"twitter:card\" content=\"summary_large_image\" \/>\n<meta name=\"twitter:description\" content=\"[date_countdown]\" \/>\n<meta name=\"twitter:label1\" content=\"Tempo di lettura stimato\" \/>\n\t<meta name=\"twitter:data1\" content=\"1 minuto\" \/>\n<script type=\"application\/ld+json\" class=\"yoast-schema-graph\">{\"@context\":\"https:\\\/\\\/schema.org\",\"@graph\":[{\"@type\":\"WebPage\",\"@id\":\"https:\\\/\\\/www.bmvmedical.it\\\/farmacia\\\/farmacia\\\/apt\\\/osteflex\\\/\",\"url\":\"https:\\\/\\\/www.bmvmedical.it\\\/farmacia\\\/farmacia\\\/apt\\\/osteflex\\\/\",\"name\":\"Osteflex - Recensioni, Forum, Prezzo, Effetti, Farmacia | -50%\",\"isPartOf\":{\"@id\":\"https:\\\/\\\/www.bmvmedical.it\\\/farmacia\\\/#website\"},\"primaryImageOfPage\":{\"@id\":\"https:\\\/\\\/www.bmvmedical.it\\\/farmacia\\\/farmacia\\\/apt\\\/osteflex\\\/#primaryimage\"},\"image\":{\"@id\":\"https:\\\/\\\/www.bmvmedical.it\\\/farmacia\\\/farmacia\\\/apt\\\/osteflex\\\/#primaryimage\"},\"thumbnailUrl\":\"https:\\\/\\\/www.bmvmedical.it\\\/farmacia\\\/wp-content\\\/uploads\\\/2024\\\/11\\\/Osteflex.jpg\",\"datePublished\":\"2024-11-06T00:28:08+00:00\",\"dateModified\":\"2025-10-31T08:46:13+00:00\",\"breadcrumb\":{\"@id\":\"https:\\\/\\\/www.bmvmedical.it\\\/farmacia\\\/farmacia\\\/apt\\\/osteflex\\\/#breadcrumb\"},\"inLanguage\":\"it-IT\",\"potentialAction\":[{\"@type\":\"ReadAction\",\"target\":[\"https:\\\/\\\/www.bmvmedical.it\\\/farmacia\\\/farmacia\\\/apt\\\/osteflex\\\/\"]}]},{\"@type\":\"ImageObject\",\"inLanguage\":\"it-IT\",\"@id\":\"https:\\\/\\\/www.bmvmedical.it\\\/farmacia\\\/farmacia\\\/apt\\\/osteflex\\\/#primaryimage\",\"url\":\"https:\\\/\\\/www.bmvmedical.it\\\/farmacia\\\/wp-content\\\/uploads\\\/2024\\\/11\\\/Osteflex.jpg\",\"contentUrl\":\"https:\\\/\\\/www.bmvmedical.it\\\/farmacia\\\/wp-content\\\/uploads\\\/2024\\\/11\\\/Osteflex.jpg\",\"width\":768,\"height\":768},{\"@type\":\"BreadcrumbList\",\"@id\":\"https:\\\/\\\/www.bmvmedical.it\\\/farmacia\\\/farmacia\\\/apt\\\/osteflex\\\/#breadcrumb\",\"itemListElement\":[{\"@type\":\"ListItem\",\"position\":1,\"name\":\"Strona g\u0142\u00f3wna\",\"item\":\"https:\\\/\\\/www.bmvmedical.it\\\/farmacia\\\/\"},{\"@type\":\"ListItem\",\"position\":2,\"name\":\"Prodotti\",\"item\":\"https:\\\/\\\/www.bmvmedical.it\\\/farmacia\\\/\"},{\"@type\":\"ListItem\",\"position\":3,\"name\":\"Osteflex\"}]},{\"@type\":\"WebSite\",\"@id\":\"https:\\\/\\\/www.bmvmedical.it\\\/farmacia\\\/#website\",\"url\":\"https:\\\/\\\/www.bmvmedical.it\\\/farmacia\\\/\",\"name\":\"BMVMEDICAL\",\"description\":\"\",\"potentialAction\":[{\"@type\":\"SearchAction\",\"target\":{\"@type\":\"EntryPoint\",\"urlTemplate\":\"https:\\\/\\\/www.bmvmedical.it\\\/farmacia\\\/?s={search_term_string}\"},\"query-input\":{\"@type\":\"PropertyValueSpecification\",\"valueRequired\":true,\"valueName\":\"search_term_string\"}}],\"inLanguage\":\"it-IT\"}]}<\/script>\n<!-- \/ Yoast SEO plugin. -->","yoast_head_json":{"title":"Osteflex - Recensioni, Forum, Prezzo, Effetti, Farmacia | -50%","robots":{"index":"index","follow":"follow","max-snippet":"max-snippet:-1","max-image-preview":"max-image-preview:large","max-video-preview":"max-video-preview:-1"},"canonical":"https:\/\/www.bmvmedical.it\/farmacia\/farmacia\/apt\/osteflex\/","og_locale":"it_IT","og_type":"article","og_title":"Osteflex - Recensioni, Forum, Prezzo, Effetti, Farmacia | -50%","og_url":"https:\/\/www.bmvmedical.it\/farmacia\/farmacia\/apt\/osteflex\/","og_site_name":"BMVMEDICAL","article_modified_time":"2025-10-31T08:46:13+00:00","og_image":[{"width":768,"height":768,"url":"https:\/\/www.bmvmedical.it\/farmacia\/wp-content\/uploads\/2024\/11\/Osteflex.jpg","type":"image\/jpeg"}],"twitter_card":"summary_large_image","twitter_description":"[date_countdown]","twitter_misc":{"Tempo di lettura stimato":"1 minuto"},"schema":{"@context":"https:\/\/schema.org","@graph":[{"@type":"WebPage","@id":"https:\/\/www.bmvmedical.it\/farmacia\/farmacia\/apt\/osteflex\/","url":"https:\/\/www.bmvmedical.it\/farmacia\/farmacia\/apt\/osteflex\/","name":"Osteflex - Recensioni, Forum, Prezzo, Effetti, Farmacia | -50%","isPartOf":{"@id":"https:\/\/www.bmvmedical.it\/farmacia\/#website"},"primaryImageOfPage":{"@id":"https:\/\/www.bmvmedical.it\/farmacia\/farmacia\/apt\/osteflex\/#primaryimage"},"image":{"@id":"https:\/\/www.bmvmedical.it\/farmacia\/farmacia\/apt\/osteflex\/#primaryimage"},"thumbnailUrl":"https:\/\/www.bmvmedical.it\/farmacia\/wp-content\/uploads\/2024\/11\/Osteflex.jpg","datePublished":"2024-11-06T00:28:08+00:00","dateModified":"2025-10-31T08:46:13+00:00","breadcrumb":{"@id":"https:\/\/www.bmvmedical.it\/farmacia\/farmacia\/apt\/osteflex\/#breadcrumb"},"inLanguage":"it-IT","potentialAction":[{"@type":"ReadAction","target":["https:\/\/www.bmvmedical.it\/farmacia\/farmacia\/apt\/osteflex\/"]}]},{"@type":"ImageObject","inLanguage":"it-IT","@id":"https:\/\/www.bmvmedical.it\/farmacia\/farmacia\/apt\/osteflex\/#primaryimage","url":"https:\/\/www.bmvmedical.it\/farmacia\/wp-content\/uploads\/2024\/11\/Osteflex.jpg","contentUrl":"https:\/\/www.bmvmedical.it\/farmacia\/wp-content\/uploads\/2024\/11\/Osteflex.jpg","width":768,"height":768},{"@type":"BreadcrumbList","@id":"https:\/\/www.bmvmedical.it\/farmacia\/farmacia\/apt\/osteflex\/#breadcrumb","itemListElement":[{"@type":"ListItem","position":1,"name":"Strona g\u0142\u00f3wna","item":"https:\/\/www.bmvmedical.it\/farmacia\/"},{"@type":"ListItem","position":2,"name":"Prodotti","item":"https:\/\/www.bmvmedical.it\/farmacia\/"},{"@type":"ListItem","position":3,"name":"Osteflex"}]},{"@type":"WebSite","@id":"https:\/\/www.bmvmedical.it\/farmacia\/#website","url":"https:\/\/www.bmvmedical.it\/farmacia\/","name":"BMVMEDICAL","description":"","potentialAction":[{"@type":"SearchAction","target":{"@type":"EntryPoint","urlTemplate":"https:\/\/www.bmvmedical.it\/farmacia\/?s={search_term_string}"},"query-input":{"@type":"PropertyValueSpecification","valueRequired":true,"valueName":"search_term_string"}}],"inLanguage":"it-IT"}]}},"_links":{"self":[{"href":"https:\/\/www.bmvmedical.it\/farmacia\/wp-json\/wp\/v2\/product\/12344","targetHints":{"allow":["GET"]}}],"collection":[{"href":"https:\/\/www.bmvmedical.it\/farmacia\/wp-json\/wp\/v2\/product"}],"about":[{"href":"https:\/\/www.bmvmedical.it\/farmacia\/wp-json\/wp\/v2\/types\/product"}],"replies":[{"embeddable":true,"href":"https:\/\/www.bmvmedical.it\/farmacia\/wp-json\/wp\/v2\/comments?post=12344"}],"wp:featuredmedia":[{"embeddable":true,"href":"https:\/\/www.bmvmedical.it\/farmacia\/wp-json\/wp\/v2\/media\/12343"}],"wp:attachment":[{"href":"https:\/\/www.bmvmedical.it\/farmacia\/wp-json\/wp\/v2\/media?parent=12344"}],"wp:term":[{"taxonomy":"product_brand","embeddable":true,"href":"https:\/\/www.bmvmedical.it\/farmacia\/wp-json\/wp\/v2\/product_brand?post=12344"},{"taxonomy":"product_cat","embeddable":true,"href":"https:\/\/www.bmvmedical.it\/farmacia\/wp-json\/wp\/v2\/product_cat?post=12344"},{"taxonomy":"product_tag","embeddable":true,"href":"https:\/\/www.bmvmedical.it\/farmacia\/wp-json\/wp\/v2\/product_tag?post=12344"}],"curies":[{"name":"wp","href":"https:\/\/api.w.org\/{rel}","templated":true}]}}