{"id":12362,"date":"2024-11-06T01:28:17","date_gmt":"2024-11-06T00:28:17","guid":{"rendered":"https:\/\/www.psicologo-strizzacervelli.it\/farmacia\/apt\/visitec\/"},"modified":"2025-10-31T09:55:17","modified_gmt":"2025-10-31T08:55:17","slug":"visitec","status":"publish","type":"product","link":"https:\/\/www.bmvmedical.it\/farmacia\/farmacia\/apt\/visitec\/","title":{"rendered":"Visitec"},"content":{"rendered":"<h2 class=\"wp-block-heading\">Che cos&#8217;\u00e8 Visitec e come funziona?<\/h2>\n\n\n<p><b>Visitec<\/b> \u00e8 un integratore innovativo per l&#8217;<b>affaticamento degli occhi<\/b>, pensato per chi trascorre molte ore davanti a uno schermo. Le sue <b>propriet\u00e0<\/b> sono studiate non solo per alleviare i sintomi della stanchezza, ma anche per sostenere la salute degli occhi su base quotidiana. L&#8217;integratore agisce migliorando la circolazione sanguigna all&#8217;interno degli occhi, contribuendo a una migliore ossigenazione e al nutrimento delle cellule.<\/p>\n\n\n<p>La formula di Visitec contiene sostanze nutritive che favoriscono la rigenerazione della vista in un&#8217;epoca in cui l&#8217;uso intensivo della tecnologia sta diventando un fatto quotidiano. Gli utilizzatori di questo integratore notano un netto miglioramento del comfort visivo e una sensazione di sollievo per gli occhi, fondamentale per mantenere la propria salute.<\/p>\n\n\n<h2 class=\"wp-block-heading\">Quali sono gli effetti dell&#8217;uso di Visitec?<\/h2>\n\n\n<p>Gli utilizzatori dell&#8217;integratore alimentare Visitec sottolineano spesso gli <b>effetti<\/b> positivi associati alla sua azione. Tra i benefici pi\u00f9 comunemente citati c&#8217;\u00e8 la <em>riduzione dell&#8217;affaticamento degli occhi<\/em>, che diventa particolarmente importante nell&#8217;era digitale, quando passiamo molte ore davanti agli schermi.<\/p>\n\n\n<p><b>Il feedback<\/b> sul prodotto indica un miglioramento della concentrazione e del comfort visivo generale. Gli utilizzatori di Visitec sottolineano che, dopo aver assunto il prodotto per un periodo di tempo prolungato, notano <em>un miglioramento dell&#8217;acuit\u00e0 visiva<\/em>. L <b>&#8216;uso<\/b> regolare pu\u00f2 contribuire ad aumentare le prestazioni degli occhi, come confermato da molte recensioni degli utenti.<\/p>\n\n\n<p>Il <b>dosaggio<\/b> corretto e l&#8217;<b>uso dell<\/b> &#8216;integratore secondo le raccomandazioni del produttore sono fondamentali per ottenere questi effetti benefici. Chi segue queste regole ha ancora pi\u00f9 probabilit\u00e0 di beneficiare del pieno potenziale di Visitec.<\/p>\n\n\n<h2 class=\"wp-block-heading\">Come utilizzare correttamente Visitec &#8211; Dosaggio<\/h2>\n\n\n<p>Il corretto dosaggio di Visitec svolge un ruolo fondamentale per ottenere gli effetti desiderati. La <b>dose<\/b> raccomandata <b>di<\/b> questo integratore alimentare \u00e8 solitamente di due capsule al giorno. Si consiglia di assumerle con acqua, che favorisce un migliore assorbimento degli ingredienti. Quando si assume questo integratore alimentare, \u00e8 importante attenersi scrupolosamente alle istruzioni fornite.<\/p>\n\n\n<p>Il superamento della dose raccomandata pu\u00f2 provocare effetti collaterali indesiderati, pertanto \u00e8 necessario prestare attenzione all&#8217;uso. Ogni persona \u00e8 diversa dall&#8217;altra, quindi <b>il dosaggio<\/b> deve essere adattato al singolo individuo. Prima di iniziare l&#8217;integrazione, \u00e8 bene consultare il proprio medico, che pu\u00f2 aiutare a determinare il dosaggio appropriato e le eventuali <b>controindicazioni<\/b>.<\/p>\n\n\n<h2 class=\"wp-block-heading\">Esperienze e recensioni degli utenti su Visitec: quali sono le recensioni?<\/h2>\n\n\n<p>Molti utenti di Visitec condividono le loro esperienze, che possono attestare l&#8217;efficacia di questo integratore alimentare. <b>Gli utenti di Visitec<\/b> ammettono di aver notato cambiamenti significativi dopo aver iniziato a utilizzarlo.<\/p>\n\n\n<p>Tra le <em>recensioni<\/em> su Visitec spiccano <b>quelle<\/b> positive. Molti utenti, ad esempio, apprezzano il sollievo che dona agli occhi dopo aver fissato gli schermi per lunghi periodi di tempo.<\/p>\n\n\n<figure class=\"wp-block-table\"><table class=\"has-fixed-layout\"><tbody><tr><th>Nome<\/th><th>Esperienze<\/th><th>Opinioni<\/th><\/tr><tr><td>Anna<\/td><td>Lavora al computer per molte ore<\/td><td><em>&#8220;I miei occhi non sono pi\u00f9 affaticati, riesco a mettere a fuoco meglio&#8221;, dice.<\/em><\/td><\/tr><tr><td>Marek<\/td><td>Utilizzo frequente di giochi per computer<\/td><td><em>&#8220;Ho trovato sollievo dal dolore agli occhi e ho migliorato la mia visione&#8221;.<\/em><\/td><\/tr><tr><td>Kasia<\/td><td>Lavora in un ufficio con uno schermo<\/td><td><em>&#8220;I miei occhi si stancano meno e questo ha aumentato la mia produttivit\u00e0&#8221;.<\/em><\/td><\/tr><\/tbody><\/table><\/figure>\n\n\n<p>Il <b>feedback degli<\/b> utenti di Visitec si concentra spesso sul miglioramento del comfort al lavoro e nelle attivit\u00e0 quotidiane con la tecnologia. Molti notano che l&#8217;integratore ha migliorato significativamente il loro benessere, rendendolo un forte concorrente nel mercato degli integratori alimentari dedicati alla salute degli occhi.<\/p>\n\n\n<h2 class=\"wp-block-heading\">Composizione di Visitec &#8211; Cosa contiene?<\/h2>\n\n\n<p>Visitec \u00e8 un <b>integratore alimentare<\/b> che combina una serie di <em>ingredienti naturali<\/em> per sostenere la salute degli occhi. Tra questi ingredienti vi sono la luteina e la zeaxantina, note per la loro capacit\u00e0 di proteggere gli occhi dagli agenti esterni.<\/p>\n\n\n<p>Contiene inoltre <b>le<\/b> vitamine A, C ed E, che agiscono come potenti antiossidanti. Di conseguenza, <b>l&#8217;integratore alimentare<\/b> non solo favorisce la rigenerazione degli occhi, ma contribuisce anche a ridurre l&#8217;affaticamento causato dalla prolungata visione di uno schermo.<\/p>\n\n\n<p>Minerali come lo zinco sono un&#8217;altra parte importante della composizione di Visitec. Lo zinco svolge un ruolo fondamentale nel mantenimento della normale funzione retinica, rendendolo essenziale per una visione sana. La corretta <b>composizione dell<\/b> &#8216;integratore influisce su un supporto completo per gli occhi nell&#8217;uso quotidiano.<\/p>\n\n\n<p>Sia gli <em>ingredienti naturali<\/em> che la <em>formulazione<\/em> accuratamente selezionata rendono Visitec un&#8217;opzione interessante per chi desidera sostenere la propria salute visiva in modo naturale.<\/p>\n\n\n<h2 class=\"wp-block-heading\">Dove acquistare e qual \u00e8 il prezzo di Visitec?<\/h2>\n\n\n<p>Visitec \u00e8 disponibile solo sul <em>sito ufficiale del produttore<\/em>, il che garantisce che il prodotto ricevuto sia originale. Pertanto, vale la pena considerare <b>dove acquistare<\/b> l&#8217;integratore per essere sicuri della sua qualit\u00e0. <b>Il prezzo di<\/b> Visitec pu\u00f2 variare a seconda delle promozioni in corso, quindi \u00e8 consigliabile controllare regolarmente l&#8217;offerta sul sito ufficiale del produttore.<\/p>\n\n\n<p>Vale anche la pena di notare che Visitec non si trova nelle farmacie fisse o nelle drogherie pi\u00f9 famose, rendendo necessario l&#8217;acquisto direttamente online. Questo metodo di acquisto offre comodit\u00e0 e tempo per confrontare prezzi e offerte, il che pu\u00f2 essere vantaggioso per i consumatori.<\/p>\n\n\n<h2 class=\"wp-block-heading\">Visitec &#8211; Effetti collaterali e controindicazioni<\/h2>\n\n\n<p>Sebbene Visitec sia basato su ingredienti naturali, \u00e8 possibile che si verifichino alcuni effetti collaterali. Questi includono lievi problemi di stomaco o reazioni allergiche, che di solito sono di breve durata. Per ridurre al minimo il rischio di tali sintomi, si consiglia di leggere attentamente la composizione dell&#8217;integratore e di evitarlo in caso di ipersensibilit\u00e0 a uno dei suoi ingredienti.<\/p>\n\n\n<p>Un&#8217;importante controindicazione all&#8217;uso di Visitec \u00e8 l&#8217;assunzione contemporanea di altri farmaci, soprattutto quelli che possono interagire con i principi attivi dell&#8217;integratore. Le persone con condizioni mediche pi\u00f9 gravi dovrebbero assolutamente consultare il proprio medico prima di iniziare l&#8217;integrazione per garantire la massima <b>sicurezza<\/b> ed evitare potenziali complicazioni.<\/p>\n\n\n<p>Garantire la sicurezza degli utenti \u00e8 fondamentale, per questo \u00e8 cos\u00ec importante seguire le raccomandazioni sul dosaggio. L <b>&#8216;uso<\/b> regolare del prodotto secondo le istruzioni del produttore consente di ottenere risultati ottimali, riducendo al minimo il rischio di effetti collaterali. Ricordate che la salute viene prima di tutto e un approccio responsabile all&#8217;integrazione garantisce benefici e soddisfazione con gli effetti di Visitec.<\/p>\n","protected":false},"excerpt":{"rendered":"<p><strong>[date_countdown]<\/strong><\/p>\n<p><img decoding=\"async\" class=\"alignnone  wp-image-12574\" src=\"https:\/\/www.bmvmedical.it\/farmacia\/wp-content\/uploads\/2024\/11\/SAFE-PAY-300x88-1.png\" alt=\"SAFE-PAY-300x88\" width=\"201\" height=\"59\" \/><\/p>\n","protected":false},"featured_media":12361,"comment_status":"open","ping_status":"closed","template":"","meta":{"neve_meta_sidebar":"","neve_meta_container":"","neve_meta_enable_content_width":"","neve_meta_content_width":0,"neve_meta_title_alignment":"","neve_meta_author_avatar":"","neve_post_elements_order":"","neve_meta_disable_header":"","neve_meta_disable_footer":"","neve_meta_disable_title":""},"product_brand":[],"product_cat":[113,565],"product_tag":[],"class_list":{"0":"post-12362","1":"product","2":"type-product","3":"status-publish","4":"has-post-thumbnail","6":"product_cat-salute","7":"product_cat-t","9":"first","10":"instock","11":"sale","12":"shipping-taxable","13":"product-type-external"},"yoast_head":"<!-- This site is optimized with the Yoast SEO plugin v27.3 - https:\/\/yoast.com\/product\/yoast-seo-wordpress\/ -->\n<title>Visitec - Recensioni, Forum, Prezzo, Effetti, Farmacia | -50%<\/title>\n<meta name=\"robots\" content=\"index, follow, max-snippet:-1, max-image-preview:large, max-video-preview:-1\" \/>\n<link rel=\"canonical\" href=\"https:\/\/www.bmvmedical.it\/farmacia\/farmacia\/apt\/visitec\/\" \/>\n<meta property=\"og:locale\" content=\"it_IT\" \/>\n<meta property=\"og:type\" content=\"article\" \/>\n<meta property=\"og:title\" content=\"Visitec - Recensioni, Forum, Prezzo, Effetti, Farmacia | -50%\" \/>\n<meta property=\"og:url\" content=\"https:\/\/www.bmvmedical.it\/farmacia\/farmacia\/apt\/visitec\/\" \/>\n<meta property=\"og:site_name\" content=\"BMVMEDICAL\" \/>\n<meta property=\"article:modified_time\" content=\"2025-10-31T08:55:17+00:00\" \/>\n<meta property=\"og:image\" content=\"https:\/\/www.bmvmedical.it\/farmacia\/wp-content\/uploads\/2024\/11\/Visitec.jpg\" \/>\n\t<meta property=\"og:image:width\" content=\"768\" \/>\n\t<meta property=\"og:image:height\" content=\"768\" \/>\n\t<meta property=\"og:image:type\" content=\"image\/jpeg\" \/>\n<meta name=\"twitter:card\" content=\"summary_large_image\" \/>\n<meta name=\"twitter:description\" content=\"[date_countdown]\" \/>\n<meta name=\"twitter:label1\" content=\"Tempo di lettura stimato\" \/>\n\t<meta name=\"twitter:data1\" content=\"6 minuti\" \/>\n<script type=\"application\/ld+json\" class=\"yoast-schema-graph\">{\"@context\":\"https:\\\/\\\/schema.org\",\"@graph\":[{\"@type\":\"WebPage\",\"@id\":\"https:\\\/\\\/www.bmvmedical.it\\\/farmacia\\\/farmacia\\\/apt\\\/visitec\\\/\",\"url\":\"https:\\\/\\\/www.bmvmedical.it\\\/farmacia\\\/farmacia\\\/apt\\\/visitec\\\/\",\"name\":\"Visitec - Recensioni, Forum, Prezzo, Effetti, Farmacia | -50%\",\"isPartOf\":{\"@id\":\"https:\\\/\\\/www.bmvmedical.it\\\/farmacia\\\/#website\"},\"primaryImageOfPage\":{\"@id\":\"https:\\\/\\\/www.bmvmedical.it\\\/farmacia\\\/farmacia\\\/apt\\\/visitec\\\/#primaryimage\"},\"image\":{\"@id\":\"https:\\\/\\\/www.bmvmedical.it\\\/farmacia\\\/farmacia\\\/apt\\\/visitec\\\/#primaryimage\"},\"thumbnailUrl\":\"https:\\\/\\\/www.bmvmedical.it\\\/farmacia\\\/wp-content\\\/uploads\\\/2024\\\/11\\\/Visitec.jpg\",\"datePublished\":\"2024-11-06T00:28:17+00:00\",\"dateModified\":\"2025-10-31T08:55:17+00:00\",\"breadcrumb\":{\"@id\":\"https:\\\/\\\/www.bmvmedical.it\\\/farmacia\\\/farmacia\\\/apt\\\/visitec\\\/#breadcrumb\"},\"inLanguage\":\"it-IT\",\"potentialAction\":[{\"@type\":\"ReadAction\",\"target\":[\"https:\\\/\\\/www.bmvmedical.it\\\/farmacia\\\/farmacia\\\/apt\\\/visitec\\\/\"]}]},{\"@type\":\"ImageObject\",\"inLanguage\":\"it-IT\",\"@id\":\"https:\\\/\\\/www.bmvmedical.it\\\/farmacia\\\/farmacia\\\/apt\\\/visitec\\\/#primaryimage\",\"url\":\"https:\\\/\\\/www.bmvmedical.it\\\/farmacia\\\/wp-content\\\/uploads\\\/2024\\\/11\\\/Visitec.jpg\",\"contentUrl\":\"https:\\\/\\\/www.bmvmedical.it\\\/farmacia\\\/wp-content\\\/uploads\\\/2024\\\/11\\\/Visitec.jpg\",\"width\":768,\"height\":768},{\"@type\":\"BreadcrumbList\",\"@id\":\"https:\\\/\\\/www.bmvmedical.it\\\/farmacia\\\/farmacia\\\/apt\\\/visitec\\\/#breadcrumb\",\"itemListElement\":[{\"@type\":\"ListItem\",\"position\":1,\"name\":\"Strona g\u0142\u00f3wna\",\"item\":\"https:\\\/\\\/www.bmvmedical.it\\\/farmacia\\\/\"},{\"@type\":\"ListItem\",\"position\":2,\"name\":\"Prodotti\",\"item\":\"https:\\\/\\\/www.bmvmedical.it\\\/farmacia\\\/\"},{\"@type\":\"ListItem\",\"position\":3,\"name\":\"Visitec\"}]},{\"@type\":\"WebSite\",\"@id\":\"https:\\\/\\\/www.bmvmedical.it\\\/farmacia\\\/#website\",\"url\":\"https:\\\/\\\/www.bmvmedical.it\\\/farmacia\\\/\",\"name\":\"BMVMEDICAL\",\"description\":\"\",\"potentialAction\":[{\"@type\":\"SearchAction\",\"target\":{\"@type\":\"EntryPoint\",\"urlTemplate\":\"https:\\\/\\\/www.bmvmedical.it\\\/farmacia\\\/?s={search_term_string}\"},\"query-input\":{\"@type\":\"PropertyValueSpecification\",\"valueRequired\":true,\"valueName\":\"search_term_string\"}}],\"inLanguage\":\"it-IT\"}]}<\/script>\n<!-- \/ Yoast SEO plugin. -->","yoast_head_json":{"title":"Visitec - Recensioni, Forum, Prezzo, Effetti, Farmacia | -50%","robots":{"index":"index","follow":"follow","max-snippet":"max-snippet:-1","max-image-preview":"max-image-preview:large","max-video-preview":"max-video-preview:-1"},"canonical":"https:\/\/www.bmvmedical.it\/farmacia\/farmacia\/apt\/visitec\/","og_locale":"it_IT","og_type":"article","og_title":"Visitec - Recensioni, Forum, Prezzo, Effetti, Farmacia | -50%","og_url":"https:\/\/www.bmvmedical.it\/farmacia\/farmacia\/apt\/visitec\/","og_site_name":"BMVMEDICAL","article_modified_time":"2025-10-31T08:55:17+00:00","og_image":[{"width":768,"height":768,"url":"https:\/\/www.bmvmedical.it\/farmacia\/wp-content\/uploads\/2024\/11\/Visitec.jpg","type":"image\/jpeg"}],"twitter_card":"summary_large_image","twitter_description":"[date_countdown]","twitter_misc":{"Tempo di lettura stimato":"6 minuti"},"schema":{"@context":"https:\/\/schema.org","@graph":[{"@type":"WebPage","@id":"https:\/\/www.bmvmedical.it\/farmacia\/farmacia\/apt\/visitec\/","url":"https:\/\/www.bmvmedical.it\/farmacia\/farmacia\/apt\/visitec\/","name":"Visitec - Recensioni, Forum, Prezzo, Effetti, Farmacia | -50%","isPartOf":{"@id":"https:\/\/www.bmvmedical.it\/farmacia\/#website"},"primaryImageOfPage":{"@id":"https:\/\/www.bmvmedical.it\/farmacia\/farmacia\/apt\/visitec\/#primaryimage"},"image":{"@id":"https:\/\/www.bmvmedical.it\/farmacia\/farmacia\/apt\/visitec\/#primaryimage"},"thumbnailUrl":"https:\/\/www.bmvmedical.it\/farmacia\/wp-content\/uploads\/2024\/11\/Visitec.jpg","datePublished":"2024-11-06T00:28:17+00:00","dateModified":"2025-10-31T08:55:17+00:00","breadcrumb":{"@id":"https:\/\/www.bmvmedical.it\/farmacia\/farmacia\/apt\/visitec\/#breadcrumb"},"inLanguage":"it-IT","potentialAction":[{"@type":"ReadAction","target":["https:\/\/www.bmvmedical.it\/farmacia\/farmacia\/apt\/visitec\/"]}]},{"@type":"ImageObject","inLanguage":"it-IT","@id":"https:\/\/www.bmvmedical.it\/farmacia\/farmacia\/apt\/visitec\/#primaryimage","url":"https:\/\/www.bmvmedical.it\/farmacia\/wp-content\/uploads\/2024\/11\/Visitec.jpg","contentUrl":"https:\/\/www.bmvmedical.it\/farmacia\/wp-content\/uploads\/2024\/11\/Visitec.jpg","width":768,"height":768},{"@type":"BreadcrumbList","@id":"https:\/\/www.bmvmedical.it\/farmacia\/farmacia\/apt\/visitec\/#breadcrumb","itemListElement":[{"@type":"ListItem","position":1,"name":"Strona g\u0142\u00f3wna","item":"https:\/\/www.bmvmedical.it\/farmacia\/"},{"@type":"ListItem","position":2,"name":"Prodotti","item":"https:\/\/www.bmvmedical.it\/farmacia\/"},{"@type":"ListItem","position":3,"name":"Visitec"}]},{"@type":"WebSite","@id":"https:\/\/www.bmvmedical.it\/farmacia\/#website","url":"https:\/\/www.bmvmedical.it\/farmacia\/","name":"BMVMEDICAL","description":"","potentialAction":[{"@type":"SearchAction","target":{"@type":"EntryPoint","urlTemplate":"https:\/\/www.bmvmedical.it\/farmacia\/?s={search_term_string}"},"query-input":{"@type":"PropertyValueSpecification","valueRequired":true,"valueName":"search_term_string"}}],"inLanguage":"it-IT"}]}},"_links":{"self":[{"href":"https:\/\/www.bmvmedical.it\/farmacia\/wp-json\/wp\/v2\/product\/12362","targetHints":{"allow":["GET"]}}],"collection":[{"href":"https:\/\/www.bmvmedical.it\/farmacia\/wp-json\/wp\/v2\/product"}],"about":[{"href":"https:\/\/www.bmvmedical.it\/farmacia\/wp-json\/wp\/v2\/types\/product"}],"replies":[{"embeddable":true,"href":"https:\/\/www.bmvmedical.it\/farmacia\/wp-json\/wp\/v2\/comments?post=12362"}],"wp:featuredmedia":[{"embeddable":true,"href":"https:\/\/www.bmvmedical.it\/farmacia\/wp-json\/wp\/v2\/media\/12361"}],"wp:attachment":[{"href":"https:\/\/www.bmvmedical.it\/farmacia\/wp-json\/wp\/v2\/media?parent=12362"}],"wp:term":[{"taxonomy":"product_brand","embeddable":true,"href":"https:\/\/www.bmvmedical.it\/farmacia\/wp-json\/wp\/v2\/product_brand?post=12362"},{"taxonomy":"product_cat","embeddable":true,"href":"https:\/\/www.bmvmedical.it\/farmacia\/wp-json\/wp\/v2\/product_cat?post=12362"},{"taxonomy":"product_tag","embeddable":true,"href":"https:\/\/www.bmvmedical.it\/farmacia\/wp-json\/wp\/v2\/product_tag?post=12362"}],"curies":[{"name":"wp","href":"https:\/\/api.w.org\/{rel}","templated":true}]}}